 = -4*n + 8. Suppose w - 73 = -n*j, 5*w = 3*j + 664 - 263. Is w composite?
False
Suppose 4*t - 33 = 3*y, 2*t - 5*y = 6*t - 41. Suppose 0 = -2*m + 3*m + t. Let d = 10 - m. Is d composite?
False
Let f(c) = 31*c - 1. Let i = 17 + -10. Let o(v) = -v + 15. Let n be o(i). Is f(n) prime?
False
Let i(o) = 10*o**2 + 5*o - 39. Let a(y) = -5*y**2 - 3*y + 19. Let h(b) = -13*a(b) - 6*i(b). Is h(6) a prime number?
False
Suppose 0 = -12*c - 0*c + 7044. Is c a composite number?
False
Let d(x) = -77*x**3 - x**2 + 1. Let c(t) = -3*t + 16. Let q be c(6). Is d(q) a prime number?
True
Let n = 5 - -4. Let g be (-4)/6 + 24/n. Let y(x) = 23*x**3 - x**2 - 2*x + 1. Is y(g) composite?
True
Is (-18593)/((-8)/(-16)*-2) a prime number?
True
Let k(c) be the second derivative of -20*c**4 + 2*c**3 + 7*c**2/2 - 3*c. Let b be k(7). Is 8/6 - b/21 composite?
False
Suppose -3*v + 894 = -3765. Is v a composite number?
False
Let o(d) = 389*d**2 + 3*d + 35. Is o(-4) a prime number?
True
Let j be (40/16)/(2/20). Suppose j*k - 29*k = -2132. Is k a composite number?
True
Let k be (-1)/(1/44*4). Let p be (-453)/k - 2/11. Let q = p - -5. Is q composite?
True
Let u(q) = q**3 - 19*q**2 - 21*q + 23. Let m be u(20). Suppose -5*v = m*n - 1658, 5*n = -4*v + 111 + 2648. Is n composite?
True
Let l be 5 - 3 - -1*(-3 + -4). Is (l - 1060)*(-1)/3 a prime number?
False
Let m = 537 + -279. Let x = m + 629. Is x a composite number?
False
Let g(r) = -r - 9. Let f be g(-6). Let n(k) = -k**3 - k**2 + 2*k - 7. Let u be n(f). Suppose -5*y - 4*a + 730 + 2181 = 0, 2*y - u*a - 1171 = 0. Is y composite?
True
Let d(a) = 46*a**2 + 9*a + 21. Is d(6) prime?
False
Suppose -18*k + 206034 = -194412. Is k a prime number?
True
Let f = 3628 + 311. Suppose 0 = -3*y + 1401 + f. Suppose q - y = -3*q. Is q a composite number?
True
Let k = 1256 + -721. Is k prime?
False
Let n = -13656 + 20018. Is n composite?
True
Suppose -2*i + 0*i + 12028 = -2*s, i - 4*s = 6023. Is i a prime number?
True
Suppose h - 2*r = r - 3, -2*h - 4*r + 14 = 0. Is 238 - (-1 + h - 3) a prime number?
True
Let w be (-1)/1 + 6 + -4. Let h(s) = -s**3 + 2*s**2 - 1. Let l be h(w). Suppose l = 3*n + 97 - 454. Is n a prime number?
False
Let n(q) = 28*q - 15. Let w be n(9). Is (-10)/25 - w/(-5) a prime number?
True
Suppose 5*n - 63802 = -3*p, 4*p = -4*n + 52063 + 32993. Is p a prime number?
False
Suppose -8329 = 46*i + 2021. Let k = 611 + -1039. Let b = i - k. Is b a prime number?
False
Let l = 17537 - 12370. Is l prime?
True
Suppose 28*c - 6 = 27*c. Suppose c*j + 5*j = 9779. Is j a composite number?
True
Is (-388686)/(-8)*(-184)/(-138) a prime number?
True
Let p be (-16)/(-6)*594/12. Let v = -59 + p. Suppose y - v + 18 = 0. Is y prime?
False
Let g(m) = 4*m + 39. Let i(t) = -t + 19 + 2*t - 6. Let y(j) = 4*g(j) - 11*i(j). Is y(9) a prime number?
False
Let l(y) = 821*y**2 + 34*y - 71. Is l(2) prime?
False
Let o = 121 - -23. Let t = o - -823. Is t composite?
False
Is ((-60)/(-40))/(3/36602) a composite number?
False
Let w = 2970 - -3077. Is w prime?
True
Let w(l) = -2*l**3 + 9*l**2 + 7*l. Let q be w(6). Let b = q - -121. Is b a composite number?
True
Suppose 900 + 737 = g. Is g prime?
True
Is (12/(-6) - 1) + -2 + 2184 a composite number?
False
Suppose t - 3*i - 187 = -2*i, 3*i - 187 = -t. Suppose t = p + 26. Is p composite?
True
Let l be 2/6 - 10/(-6). Suppose -k + 5*z = 7, -4*k - 4*z = -l*k - 14. Suppose f + i - 25 = 0, k*f - f = i + 44. Is f a composite number?
False
Is (1/1)/((-7)/(-3157)) a composite number?
True
Let c(r) = -r - 8. Let s be c(-8). Is 28*27 - (1 + s/(-1)) prime?
False
Suppose k = 5*d - 292764, d - 197*k = -202*k + 58558. Is d a composite number?
True
Let o = -59 + 66. Let s be 6/1 + 1 + -1. Is 1125/o - s/(-21) a composite number?
True
Let u(d) = -d**3 + 7*d**2 + 2. Let s be u(7). Let i be (3 - 0 - s)*0. Suppose -t + a + 179 = -2*a, i = -4*t - 5*a + 784. Is t a prime number?
True
Suppose 10 = -2*n, 5*u + 5*n - 14473 + 2403 = 0. Is u composite?
True
Let c be -5*1/(-5) - -5. Let w = c - 3. Suppose -4*t - w*a + 1079 + 2896 = 0, 4*t = -2*a + 3974. Is t a composite number?
True
Suppose 28885 = 48*d - 43*d. Is d a prime number?
False
Let a(t) = -3350*t + 79. Is a(-24) composite?
True
Let l = -1575 - -2854. Is l prime?
True
Let g = 6575 + 4758. Is g prime?
False
Suppose -16*o = -14*o - 6. Suppose 12 = 5*f - o. Suppose f*p - 4*p + 118 = n, 2*p - 256 = 2*n. Is p a composite number?
True
Let v be 78*-797 + 64/(-16). Is v/(-90) + (-4)/(-18) prime?
True
Let s(h) = -h**3 + 5*h**2 + 7*h - 4. Let g be (15/(-25))/((-2)/20). Let x be s(g). Suppose -5 = d, -x*d + d = 4*p - 207. Is p a composite number?
False
Is (-1 - 0)*(-41505)/15 a prime number?
True
Let a = -43 + 58. Let u(h) = -h**3 + 18*h**2 - 2*h + 24. Is u(a) a prime number?
False
Suppose 0 = -v + 5*l + 1726, 0 = -3*v - l + 4128 + 1130. Suppose 0 = -3*c - 4*w + v, -3*c - w = -101 - 1662. Is c composite?
True
Let n(w) = -7879*w - 1367*w - 15 + 23 - 15. Is n(-1) prime?
True
Let m(b) = b**3 + 5*b**2 - 2*b - 7. Let k be m(-5). Suppose -v + 22 = -5*n, 4*n + 0 + 10 = -k*v. Is 1/(n/22)*-62 a prime number?
False
Suppose 5*t - 54864 = -4*a, -t - 10363 = 3*a - 51500. Is a a prime number?
True
Let v = 3 - -1. Is (v/(48/4917))/(3/12) a composite number?
True
Let f = 69 - -224. Is f composite?
False
Let b(z) = -143*z**2 + 5*z + 7. Suppose 4 = -4*t + 4*f, t = 5*f + 1 + 6. Let m be b(t). Is (-1)/(-6) - m/42 prime?
True
Let g(m) = m**2 + 6*m - 25. Let i be g(7). Let v = i - -37. Is v composite?
False
Is (-25151)/(-11 + (14 - 4)) a prime number?
False
Is (14/(-4) - -1)/(25/(-47650)) a composite number?
True
Suppose 0*o - 3*o + 6 = 0. Suppose 0 = 5*l + o*p - 3 - 5, -2 = 2*p. Is (0 + -170)*(-1)/l a composite number?
True
Let i = -832 + 4451. Let u = -1982 + i. Is u prime?
True
Let v = -35267 - -50814. Is v a composite number?
True
Let n(k) be the first derivative of -k**3/3 + 9*k**2 + 13*k - 1. Let b be (-11)/(-14 - 8) + 27/2. Is n(b) a composite number?
True
Let r(s) = 3*s**2 + 2*s - 3. Let b be r(3). Suppose -3*m = 5*h - 38, -4*h = 4*m - 2*m - b. Is 7539/6*4/h composite?
True
Suppose -1700 = -70*f + 54090. Is f prime?
True
Let j(v) be the third derivative of -25*v**4/12 - v**3/3 + 5*v**2. Let w be j(-2). Let b = 141 + w. Is b prime?
True
Let j(z) = -z**2 + 10*z - 5. Let p be j(9). Suppose -n + 4*n + 2530 = p*d, 0 = -d - 4*n + 623. Is d a composite number?
False
Let f(k) = 7*k**2 - 2*k - 10. Suppose 2*t + 0*t = -12. Let s = t - 1. Is f(s) a composite number?
False
Suppose 0 = -2*g - 3*q + 14, -2*q + 3 = 4*g - 9. Let a(w) = 1560*w**3 + 2*w**2 - w. Is a(g) a composite number?
True
Let t be 11898 + ((-3)/(-4))/((-15)/(-40)). Suppose 5160 = 20*g - t. Is g a prime number?
True
Let d(r) = 1 - 18 + 4*r - r**2 + 2*r**2. Let o(v) = -v**3 + 36*v**2 + 2*v - 79. Let f be o(36). Is d(f) prime?
False
Suppose 0 = 3*j - 2*w - 28, -5*j + 2*w = w - 56. Suppose 2*b + g + 0*g - j = 0, 1 = b - 2*g. Suppose -z + 5*i - 8 + 71 = 0, -b*i = 4*z - 152. Is z prime?
True
Let j(b) = -22*b**3 + 2*b**2 - 3*b - 7. Is j(-6) prime?
False
Let n(p) = -1273*p + 75. Is n(-8) composite?
False
Let m(d) = -388*d - 59. Let c be m(-8). Suppose -h = 2*u - 1525, -5*u + c = 3*h - h. Is h a composite number?
True
Suppose 0 = -o + 4 + 1. Suppose -o*y = -0*y - 15. Let b = y - -34. Is b prime?
True
Suppose -3*v + j = -12134, -4048 = 2*v - 3*v - 3*j. Is v a composite number?
True
Suppose -27*g - 677417 = -40*g. Is g composite?
True
Suppose -14693 = -11*c - 2626. Is c a composite number?
False
Let q(m) = 3*m**2 - 70*m**3 - 534*m - 532*m + 1057*m - 17. Is q(-4) a composite number?
False
Let r(i) = -i - 7. Let x be r(-9). Suppose 3*c - 3*u - 3 = 0, x*c - 4*u + 3 = 7. Suppose c = 3*g - 57 - 0. Is g prime?
True
Suppose -20*r + 8475 + 10625 = 0. Is r a prime number?
False
Let p(a) = a**2 + 5*a + 6. Let s be p(-4). Suppose j + s*b - 467 = 0, 0 = 3*j + 2*b - 1870 + 469. Is j a composite number?
False
Let j be (-19)/133 - 15/(-7). Let v be 2*(j - 444/(-8)). Suppose 0*x + x - v = 0. Is x a prime number?
False
Let j be (0 - 1) + 2/2. Suppose 3*b + b - 156 = j. Suppose 0 = v - 14 - b. Is v composite?
False
Suppose -4*i + 12893 = 5*g, -2*i + 3*g = g - 6460. Is i a prime number?
False
Let g(l) = -55*l. Let x be g(-4). Let j(m) = 18*m - 1. Let w be j(-2). Let t = x - w. Is t a prime num